{"id":1596,"date":"2022-05-25T16:08:40","date_gmt":"2022-05-25T13:08:40","guid":{"rendered":"http:\/\/romhemder.com\/?page_id=1596"},"modified":"2022-05-25T16:08:40","modified_gmt":"2022-05-25T13:08:40","slug":"misyon-vizyon","status":"publish","type":"page","link":"https:\/\/romhemder.com\/?page_id=1596","title":{"rendered":"Misyon &#038; Vizyon"},"content":{"rendered":"\n<p>Misyon<br>&#8220;Toplumun romatolojik hastal\u0131klarla ilgili fark\u0131ndal\u0131\u011f\u0131n\u0131 ve hasta bireyin ya\u015fam kalitesini artt\u0131rabilmek i\u00e7in romatoloji hem\u015firelerinin ki\u015fisel ve mesleki geli\u015fimlerinin s\u00fcreklili\u011fini sa\u011flamak amac\u0131 ile romatoloji hem\u015firelerine y\u00f6nderlik etmek&#8221;<\/p>\n\n\n\n<p>Vizyon<br>&#8220;Bak\u0131mda kalite, geli\u015fimde s\u00fcreklilik ve Romatoloji hastalar\u0131n\u0131n kaliteli bak\u0131ma ula\u015fmas\u0131 i\u00e7in hem\u015firelere \u00f6nderlik etmek&#8221;<\/p>\n","protected":false},"excerpt":{"rendered":"<p>Misyon&#8220;Toplumun romatolojik hastal\u0131klarla ilgili fark\u0131ndal\u0131\u011f\u0131n\u0131 ve hasta bireyin ya\u015fam kalitesini artt\u0131rabilmek i\u00e7in romatoloji hem\u015firelerinin ki\u015fisel ve mesleki geli\u015fimlerinin s\u00fcreklili\u011fini sa\u011flamak amac\u0131 ile romatoloji hem\u015firelerine y\u00f6nderlik etmek&#8221; Vizyon&#8220;Bak\u0131mda kalite, geli\u015fimde s\u00fcreklilik ve Romatoloji hastalar\u0131n\u0131n kaliteli bak\u0131ma ula\u015fmas\u0131 i\u00e7in hem\u015firelere \u00f6nderlik etmek&#8221;<\/p>\n","protected":false},"author":1,"featured_media":0,"parent":0,"menu_order":0,"comment_status":"closed","ping_status":"closed","template":"","meta":{"footnotes":""},"class_list":["post-1596","page","type-page","status-publish","hentry"],"_links":{"self":[{"href":"https:\/\/romhemder.com\/index.php?rest_route=\/wp\/v2\/pages\/1596","targetHints":{"allow":["GET"]}}],"collection":[{"href":"https:\/\/romhemder.com\/index.php?rest_route=\/wp\/v2\/pages"}],"about":[{"href":"https:\/\/romhemder.com\/index.php?rest_route=\/wp\/v2\/types\/page"}],"author":[{"embeddable":true,"href":"https:\/\/romhemder.com\/index.php?rest_route=\/wp\/v2\/users\/1"}],"replies":[{"embeddable":true,"href":"https:\/\/romhemder.com\/index.php?rest_route=%2Fwp%2Fv2%2Fcomments&post=1596"}],"version-history":[{"count":1,"href":"https:\/\/romhemder.com\/index.php?rest_route=\/wp\/v2\/pages\/1596\/revisions"}],"predecessor-version":[{"id":1597,"href":"https:\/\/romhemder.com\/index.php?rest_route=\/wp\/v2\/pages\/1596\/revisions\/1597"}],"wp:attachment":[{"href":"https:\/\/romhemder.com\/index.php?rest_route=%2Fwp%2Fv2%2Fmedia&parent=1596"}],"curies":[{"name":"wp","href":"https:\/\/api.w.org\/{rel}","templated":true}]}}