{"id":1367,"date":"2022-05-18T15:39:34","date_gmt":"2022-05-18T12:39:34","guid":{"rendered":"https:\/\/romhemder.com\/?page_id=1367"},"modified":"2024-02-18T20:58:57","modified_gmt":"2024-02-18T17:58:57","slug":"1-mayis-agac-dikme-etkinligi","status":"publish","type":"page","link":"https:\/\/romhemder.com\/?page_id=1367","title":{"rendered":"1 May\u0131s A\u011fa\u00e7 Dikme Etkinli\u011fi"},"content":{"rendered":"\n<figure class=\"wp-block-gallery has-nested-images columns-default is-cropped wp-block-gallery-1 is-layout-flex wp-block-gallery-is-layout-flex\">\n<figure class=\"wp-block-image size-large\"><img loading=\"lazy\" decoding=\"async\" width=\"1024\" height=\"768\" data-id=\"1373\" src=\"https:\/\/romhemder.com\/wp-content\/uploads\/2022\/05\/WhatsApp-Image-2019-05-01-at-21.52.35-1024x768.jpeg\" alt=\"\" class=\"wp-image-1373\" srcset=\"https:\/\/romhemder.com\/wp-content\/uploads\/2022\/05\/WhatsApp-Image-2019-05-01-at-21.52.35-1024x768.jpeg 1024w, https:\/\/romhemder.com\/wp-content\/uploads\/2022\/05\/WhatsApp-Image-2019-05-01-at-21.52.35-300x225.jpeg 300w, https:\/\/romhemder.com\/wp-content\/uploads\/2022\/05\/WhatsApp-Image-2019-05-01-at-21.52.35-768x576.jpeg 768w, https:\/\/romhemder.com\/wp-content\/uploads\/2022\/05\/WhatsApp-Image-2019-05-01-at-21.52.35-1536x1152.jpeg 1536w, https:\/\/romhemder.com\/wp-content\/uploads\/2022\/05\/WhatsApp-Image-2019-05-01-at-21.52.35.jpeg 1600w\" sizes=\"auto, (max-width: 1024px) 100vw, 1024px\" \/><\/figure>\n\n\n\n<figure class=\"wp-block-image size-large\"><img loading=\"lazy\" decoding=\"async\" width=\"1024\" height=\"768\" data-id=\"1383\" src=\"https:\/\/romhemder.com\/wp-content\/uploads\/2022\/05\/WhatsApp-Image-2019-05-01-at-21.52.44-1024x768.jpeg\" alt=\"\" class=\"wp-image-1383\" srcset=\"https:\/\/romhemder.com\/wp-content\/uploads\/2022\/05\/WhatsApp-Image-2019-05-01-at-21.52.44-1024x768.jpeg 1024w, https:\/\/romhemder.com\/wp-content\/uploads\/2022\/05\/WhatsApp-Image-2019-05-01-at-21.52.44-300x225.jpeg 300w, https:\/\/romhemder.com\/wp-content\/uploads\/2022\/05\/WhatsApp-Image-2019-05-01-at-21.52.44-768x576.jpeg 768w, https:\/\/romhemder.com\/wp-content\/uploads\/2022\/05\/WhatsApp-Image-2019-05-01-at-21.52.44-1536x1152.jpeg 1536w, https:\/\/romhemder.com\/wp-content\/uploads\/2022\/05\/WhatsApp-Image-2019-05-01-at-21.52.44.jpeg 1600w\" sizes=\"auto, (max-width: 1024px) 100vw, 1024px\" \/><\/figure>\n\n\n\n<figure class=\"wp-block-image size-large\"><img loading=\"lazy\" decoding=\"async\" width=\"1024\" height=\"768\" data-id=\"1386\" src=\"https:\/\/romhemder.com\/wp-content\/uploads\/2022\/05\/WhatsApp-Image-2019-05-01-at-21.52.53-1024x768.jpeg\" alt=\"\" class=\"wp-image-1386\" srcset=\"https:\/\/romhemder.com\/wp-content\/uploads\/2022\/05\/WhatsApp-Image-2019-05-01-at-21.52.53-1024x768.jpeg 1024w, https:\/\/romhemder.com\/wp-content\/uploads\/2022\/05\/WhatsApp-Image-2019-05-01-at-21.52.53-300x225.jpeg 300w, https:\/\/romhemder.com\/wp-content\/uploads\/2022\/05\/WhatsApp-Image-2019-05-01-at-21.52.53-768x576.jpeg 768w, https:\/\/romhemder.com\/wp-content\/uploads\/2022\/05\/WhatsApp-Image-2019-05-01-at-21.52.53-1536x1152.jpeg 1536w, https:\/\/romhemder.com\/wp-content\/uploads\/2022\/05\/WhatsApp-Image-2019-05-01-at-21.52.53.jpeg 1600w\" sizes=\"auto, (max-width: 1024px) 100vw, 1024px\" \/><\/figure>\n\n\n\n<figure class=\"wp-block-image size-large\"><img loading=\"lazy\" decoding=\"async\" width=\"1024\" height=\"768\" data-id=\"1393\" src=\"https:\/\/romhemder.com\/wp-content\/uploads\/2022\/05\/WhatsApp-Image-2019-05-01-at-21.52.57-1024x768.jpeg\" alt=\"\" class=\"wp-image-1393\" srcset=\"https:\/\/romhemder.com\/wp-content\/uploads\/2022\/05\/WhatsApp-Image-2019-05-01-at-21.52.57-1024x768.jpeg 1024w, https:\/\/romhemder.com\/wp-content\/uploads\/2022\/05\/WhatsApp-Image-2019-05-01-at-21.52.57-300x225.jpeg 300w, https:\/\/romhemder.com\/wp-content\/uploads\/2022\/05\/WhatsApp-Image-2019-05-01-at-21.52.57-768x576.jpeg 768w, https:\/\/romhemder.com\/wp-content\/uploads\/2022\/05\/WhatsApp-Image-2019-05-01-at-21.52.57-1536x1152.jpeg 1536w, https:\/\/romhemder.com\/wp-content\/uploads\/2022\/05\/WhatsApp-Image-2019-05-01-at-21.52.57.jpeg 1600w\" sizes=\"auto, (max-width: 1024px) 100vw, 1024px\" \/><\/figure>\n\n\n\n<figure class=\"wp-block-image size-large\"><img loading=\"lazy\" decoding=\"async\" width=\"1024\" height=\"768\" data-id=\"1371\" src=\"https:\/\/romhemder.com\/wp-content\/uploads\/2022\/05\/WhatsApp-Image-2019-05-01-at-21.53.03-1-1024x768.jpeg\" alt=\"\" class=\"wp-image-1371\" srcset=\"https:\/\/romhemder.com\/wp-content\/uploads\/2022\/05\/WhatsApp-Image-2019-05-01-at-21.53.03-1-1024x768.jpeg 1024w, https:\/\/romhemder.com\/wp-content\/uploads\/2022\/05\/WhatsApp-Image-2019-05-01-at-21.53.03-1-300x225.jpeg 300w, https:\/\/romhemder.com\/wp-content\/uploads\/2022\/05\/WhatsApp-Image-2019-05-01-at-21.53.03-1-768x576.jpeg 768w, https:\/\/romhemder.com\/wp-content\/uploads\/2022\/05\/WhatsApp-Image-2019-05-01-at-21.53.03-1-1536x1152.jpeg 1536w, https:\/\/romhemder.com\/wp-content\/uploads\/2022\/05\/WhatsApp-Image-2019-05-01-at-21.53.03-1.jpeg 1600w\" sizes=\"auto, (max-width: 1024px) 100vw, 1024px\" \/><\/figure>\n\n\n\n<figure class=\"wp-block-image size-large\"><img loading=\"lazy\" decoding=\"async\" width=\"768\" height=\"1024\" data-id=\"1389\" src=\"https:\/\/romhemder.com\/wp-content\/uploads\/2022\/05\/WhatsApp-Image-2019-05-01-at-21.53.07-768x1024.jpeg\" alt=\"\" class=\"wp-image-1389\" srcset=\"https:\/\/romhemder.com\/wp-content\/uploads\/2022\/05\/WhatsApp-Image-2019-05-01-at-21.53.07-768x1024.jpeg 768w, https:\/\/romhemder.com\/wp-content\/uploads\/2022\/05\/WhatsApp-Image-2019-05-01-at-21.53.07-225x300.jpeg 225w, https:\/\/romhemder.com\/wp-content\/uploads\/2022\/05\/WhatsApp-Image-2019-05-01-at-21.53.07-1152x1536.jpeg 1152w, https:\/\/romhemder.com\/wp-content\/uploads\/2022\/05\/WhatsApp-Image-2019-05-01-at-21.53.07.jpeg 1200w\" sizes=\"auto, (max-width: 768px) 100vw, 768px\" \/><\/figure>\n\n\n\n<figure class=\"wp-block-image size-large\"><img loading=\"lazy\" decoding=\"async\" width=\"1024\" height=\"768\" data-id=\"1382\" src=\"https:\/\/romhemder.com\/wp-content\/uploads\/2022\/05\/WhatsApp-Image-2019-05-01-at-21.54.11-1-1024x768.jpeg\" alt=\"\" class=\"wp-image-1382\" srcset=\"https:\/\/romhemder.com\/wp-content\/uploads\/2022\/05\/WhatsApp-Image-2019-05-01-at-21.54.11-1-1024x768.jpeg 1024w, https:\/\/romhemder.com\/wp-content\/uploads\/2022\/05\/WhatsApp-Image-2019-05-01-at-21.54.11-1-300x225.jpeg 300w, https:\/\/romhemder.com\/wp-content\/uploads\/2022\/05\/WhatsApp-Image-2019-05-01-at-21.54.11-1-768x576.jpeg 768w, https:\/\/romhemder.com\/wp-content\/uploads\/2022\/05\/WhatsApp-Image-2019-05-01-at-21.54.11-1-1536x1152.jpeg 1536w, https:\/\/romhemder.com\/wp-content\/uploads\/2022\/05\/WhatsApp-Image-2019-05-01-at-21.54.11-1.jpeg 1600w\" sizes=\"auto, (max-width: 1024px) 100vw, 1024px\" \/><\/figure>\n\n\n\n<figure class=\"wp-block-image size-large\"><img loading=\"lazy\" decoding=\"async\" width=\"1024\" height=\"768\" data-id=\"1396\" src=\"https:\/\/romhemder.com\/wp-content\/uploads\/2022\/05\/WhatsApp-Image-2019-05-01-at-21.54.11-1024x768.jpeg\" alt=\"\" class=\"wp-image-1396\" srcset=\"https:\/\/romhemder.com\/wp-content\/uploads\/2022\/05\/WhatsApp-Image-2019-05-01-at-21.54.11-1024x768.jpeg 1024w, https:\/\/romhemder.com\/wp-content\/uploads\/2022\/05\/WhatsApp-Image-2019-05-01-at-21.54.11-300x225.jpeg 300w, https:\/\/romhemder.com\/wp-content\/uploads\/2022\/05\/WhatsApp-Image-2019-05-01-at-21.54.11-768x576.jpeg 768w, https:\/\/romhemder.com\/wp-content\/uploads\/2022\/05\/WhatsApp-Image-2019-05-01-at-21.54.11-1536x1152.jpeg 1536w, https:\/\/romhemder.com\/wp-content\/uploads\/2022\/05\/WhatsApp-Image-2019-05-01-at-21.54.11.jpeg 1600w\" sizes=\"auto, (max-width: 1024px) 100vw, 1024px\" \/><\/figure>\n\n\n\n<figure class=\"wp-block-image size-large\"><img loading=\"lazy\" decoding=\"async\" width=\"1024\" height=\"768\" data-id=\"1397\" src=\"https:\/\/romhemder.com\/wp-content\/uploads\/2022\/05\/WhatsApp-Image-2019-05-01-at-21.55.59-1024x768.jpeg\" alt=\"\" class=\"wp-image-1397\" srcset=\"https:\/\/romhemder.com\/wp-content\/uploads\/2022\/05\/WhatsApp-Image-2019-05-01-at-21.55.59-1024x768.jpeg 1024w, https:\/\/romhemder.com\/wp-content\/uploads\/2022\/05\/WhatsApp-Image-2019-05-01-at-21.55.59-300x225.jpeg 300w, https:\/\/romhemder.com\/wp-content\/uploads\/2022\/05\/WhatsApp-Image-2019-05-01-at-21.55.59-768x576.jpeg 768w, https:\/\/romhemder.com\/wp-content\/uploads\/2022\/05\/WhatsApp-Image-2019-05-01-at-21.55.59-1536x1152.jpeg 1536w, https:\/\/romhemder.com\/wp-content\/uploads\/2022\/05\/WhatsApp-Image-2019-05-01-at-21.55.59.jpeg 1600w\" sizes=\"auto, (max-width: 1024px) 100vw, 1024px\" \/><\/figure>\n\n\n\n<figure class=\"wp-block-image size-large\"><img loading=\"lazy\" decoding=\"async\" width=\"1024\" height=\"768\" data-id=\"1381\" src=\"https:\/\/romhemder.com\/wp-content\/uploads\/2022\/05\/WhatsApp-Image-2019-05-01-at-21.56.05-1024x768.jpeg\" alt=\"\" class=\"wp-image-1381\" srcset=\"https:\/\/romhemder.com\/wp-content\/uploads\/2022\/05\/WhatsApp-Image-2019-05-01-at-21.56.05-1024x768.jpeg 1024w, https:\/\/romhemder.com\/wp-content\/uploads\/2022\/05\/WhatsApp-Image-2019-05-01-at-21.56.05-300x225.jpeg 300w, https:\/\/romhemder.com\/wp-content\/uploads\/2022\/05\/WhatsApp-Image-2019-05-01-at-21.56.05-768x576.jpeg 768w, https:\/\/romhemder.com\/wp-content\/uploads\/2022\/05\/WhatsApp-Image-2019-05-01-at-21.56.05-1536x1152.jpeg 1536w, https:\/\/romhemder.com\/wp-content\/uploads\/2022\/05\/WhatsApp-Image-2019-05-01-at-21.56.05.jpeg 1600w\" sizes=\"auto, (max-width: 1024px) 100vw, 1024px\" \/><\/figure>\n\n\n\n<figure class=\"wp-block-image size-large\"><img loading=\"lazy\" decoding=\"async\" width=\"1024\" height=\"768\" data-id=\"1390\" src=\"https:\/\/romhemder.com\/wp-content\/uploads\/2022\/05\/WhatsApp-Image-2019-05-01-at-21.56.21-1024x768.jpeg\" alt=\"\" class=\"wp-image-1390\" srcset=\"https:\/\/romhemder.com\/wp-content\/uploads\/2022\/05\/WhatsApp-Image-2019-05-01-at-21.56.21-1024x768.jpeg 1024w, https:\/\/romhemder.com\/wp-content\/uploads\/2022\/05\/WhatsApp-Image-2019-05-01-at-21.56.21-300x225.jpeg 300w, https:\/\/romhemder.com\/wp-content\/uploads\/2022\/05\/WhatsApp-Image-2019-05-01-at-21.56.21-768x576.jpeg 768w, https:\/\/romhemder.com\/wp-content\/uploads\/2022\/05\/WhatsApp-Image-2019-05-01-at-21.56.21-1536x1152.jpeg 1536w, https:\/\/romhemder.com\/wp-content\/uploads\/2022\/05\/WhatsApp-Image-2019-05-01-at-21.56.21.jpeg 1600w\" sizes=\"auto, (max-width: 1024px) 100vw, 1024px\" \/><\/figure>\n\n\n\n<figure class=\"wp-block-image size-large\"><img loading=\"lazy\" decoding=\"async\" width=\"1024\" height=\"768\" data-id=\"1372\" src=\"https:\/\/romhemder.com\/wp-content\/uploads\/2022\/05\/WhatsApp-Image-2019-05-01-at-21.57.04-1024x768.jpeg\" alt=\"\" class=\"wp-image-1372\" srcset=\"https:\/\/romhemder.com\/wp-content\/uploads\/2022\/05\/WhatsApp-Image-2019-05-01-at-21.57.04-1024x768.jpeg 1024w, https:\/\/romhemder.com\/wp-content\/uploads\/2022\/05\/WhatsApp-Image-2019-05-01-at-21.57.04-300x225.jpeg 300w, https:\/\/romhemder.com\/wp-content\/uploads\/2022\/05\/WhatsApp-Image-2019-05-01-at-21.57.04-768x576.jpeg 768w, https:\/\/romhemder.com\/wp-content\/uploads\/2022\/05\/WhatsApp-Image-2019-05-01-at-21.57.04-1536x1152.jpeg 1536w, https:\/\/romhemder.com\/wp-content\/uploads\/2022\/05\/WhatsApp-Image-2019-05-01-at-21.57.04.jpeg 1600w\" sizes=\"auto, (max-width: 1024px) 100vw, 1024px\" \/><\/figure>\n\n\n\n<figure class=\"wp-block-image size-large\"><img loading=\"lazy\" decoding=\"async\" width=\"1024\" height=\"768\" data-id=\"1368\" src=\"https:\/\/romhemder.com\/wp-content\/uploads\/2022\/05\/WhatsApp-Image-2019-05-01-at-22.31.10.jpeg\" alt=\"\" class=\"wp-image-1368\" srcset=\"https:\/\/romhemder.com\/wp-content\/uploads\/2022\/05\/WhatsApp-Image-2019-05-01-at-22.31.10.jpeg 1024w, https:\/\/romhemder.com\/wp-content\/uploads\/2022\/05\/WhatsApp-Image-2019-05-01-at-22.31.10-300x225.jpeg 300w, https:\/\/romhemder.com\/wp-content\/uploads\/2022\/05\/WhatsApp-Image-2019-05-01-at-22.31.10-768x576.jpeg 768w\" sizes=\"auto, (max-width: 1024px) 100vw, 1024px\" \/><\/figure>\n\n\n\n<figure class=\"wp-block-image size-large\"><img loading=\"lazy\" decoding=\"async\" width=\"1024\" height=\"768\" data-id=\"1369\" src=\"https:\/\/romhemder.com\/wp-content\/uploads\/2022\/05\/WhatsApp-Image-2019-05-01-at-22.31.11.jpeg\" alt=\"\" class=\"wp-image-1369\" srcset=\"https:\/\/romhemder.com\/wp-content\/uploads\/2022\/05\/WhatsApp-Image-2019-05-01-at-22.31.11.jpeg 1024w, https:\/\/romhemder.com\/wp-content\/uploads\/2022\/05\/WhatsApp-Image-2019-05-01-at-22.31.11-300x225.jpeg 300w, https:\/\/romhemder.com\/wp-content\/uploads\/2022\/05\/WhatsApp-Image-2019-05-01-at-22.31.11-768x576.jpeg 768w\" sizes=\"auto, (max-width: 1024px) 100vw, 1024px\" \/><\/figure>\n\n\n\n<figure class=\"wp-block-image size-large\"><img loading=\"lazy\" decoding=\"async\" width=\"1024\" height=\"768\" data-id=\"1394\" src=\"https:\/\/romhemder.com\/wp-content\/uploads\/2022\/05\/WhatsApp-Image-2019-05-01-at-22.39.35-2-1024x768.jpeg\" alt=\"\" class=\"wp-image-1394\" srcset=\"https:\/\/romhemder.com\/wp-content\/uploads\/2022\/05\/WhatsApp-Image-2019-05-01-at-22.39.35-2-1024x768.jpeg 1024w, https:\/\/romhemder.com\/wp-content\/uploads\/2022\/05\/WhatsApp-Image-2019-05-01-at-22.39.35-2-300x225.jpeg 300w, https:\/\/romhemder.com\/wp-content\/uploads\/2022\/05\/WhatsApp-Image-2019-05-01-at-22.39.35-2-768x576.jpeg 768w, https:\/\/romhemder.com\/wp-content\/uploads\/2022\/05\/WhatsApp-Image-2019-05-01-at-22.39.35-2-1536x1152.jpeg 1536w, https:\/\/romhemder.com\/wp-content\/uploads\/2022\/05\/WhatsApp-Image-2019-05-01-at-22.39.35-2.jpeg 1600w\" sizes=\"auto, (max-width: 1024px) 100vw, 1024px\" \/><\/figure>\n\n\n\n<figure class=\"wp-block-image size-large\"><img loading=\"lazy\" decoding=\"async\" width=\"768\" height=\"1024\" data-id=\"1380\" src=\"https:\/\/romhemder.com\/wp-content\/uploads\/2022\/05\/WhatsApp-Image-2019-05-01-at-23.09.18-768x1024.jpeg\" alt=\"\" class=\"wp-image-1380\" srcset=\"https:\/\/romhemder.com\/wp-content\/uploads\/2022\/05\/WhatsApp-Image-2019-05-01-at-23.09.18-768x1024.jpeg 768w, https:\/\/romhemder.com\/wp-content\/uploads\/2022\/05\/WhatsApp-Image-2019-05-01-at-23.09.18-225x300.jpeg 225w, https:\/\/romhemder.com\/wp-content\/uploads\/2022\/05\/WhatsApp-Image-2019-05-01-at-23.09.18-1152x1536.jpeg 1152w, https:\/\/romhemder.com\/wp-content\/uploads\/2022\/05\/WhatsApp-Image-2019-05-01-at-23.09.18.jpeg 1200w\" sizes=\"auto, (max-width: 768px) 100vw, 768px\" \/><\/figure>\n\n\n\n<figure class=\"wp-block-image size-large\"><img loading=\"lazy\" decoding=\"async\" width=\"768\" height=\"1024\" data-id=\"1379\" src=\"https:\/\/romhemder.com\/wp-content\/uploads\/2022\/05\/WhatsApp-Image-2019-05-02-at-07.42.16-768x1024.jpeg\" alt=\"\" class=\"wp-image-1379\" srcset=\"https:\/\/romhemder.com\/wp-content\/uploads\/2022\/05\/WhatsApp-Image-2019-05-02-at-07.42.16-768x1024.jpeg 768w, https:\/\/romhemder.com\/wp-content\/uploads\/2022\/05\/WhatsApp-Image-2019-05-02-at-07.42.16-225x300.jpeg 225w, https:\/\/romhemder.com\/wp-content\/uploads\/2022\/05\/WhatsApp-Image-2019-05-02-at-07.42.16-1152x1536.jpeg 1152w, https:\/\/romhemder.com\/wp-content\/uploads\/2022\/05\/WhatsApp-Image-2019-05-02-at-07.42.16.jpeg 1200w\" sizes=\"auto, (max-width: 768px) 100vw, 768px\" \/><\/figure>\n\n\n\n<figure class=\"wp-block-image size-large\"><img loading=\"lazy\" decoding=\"async\" width=\"768\" height=\"1024\" data-id=\"1370\" src=\"https:\/\/romhemder.com\/wp-content\/uploads\/2022\/05\/WhatsApp-Image-2019-05-02-at-07.42.17-768x1024.jpeg\" alt=\"\" class=\"wp-image-1370\" srcset=\"https:\/\/romhemder.com\/wp-content\/uploads\/2022\/05\/WhatsApp-Image-2019-05-02-at-07.42.17-768x1024.jpeg 768w, https:\/\/romhemder.com\/wp-content\/uploads\/2022\/05\/WhatsApp-Image-2019-05-02-at-07.42.17-225x300.jpeg 225w, https:\/\/romhemder.com\/wp-content\/uploads\/2022\/05\/WhatsApp-Image-2019-05-02-at-07.42.17-1152x1536.jpeg 1152w, https:\/\/romhemder.com\/wp-content\/uploads\/2022\/05\/WhatsApp-Image-2019-05-02-at-07.42.17.jpeg 1200w\" sizes=\"auto, (max-width: 768px) 100vw, 768px\" \/><\/figure>\n\n\n\n<figure class=\"wp-block-image size-large\"><img loading=\"lazy\" decoding=\"async\" width=\"768\" height=\"1024\" data-id=\"1388\" src=\"https:\/\/romhemder.com\/wp-content\/uploads\/2022\/05\/WhatsApp-Image-2019-05-02-at-07.42.20-768x1024.jpeg\" alt=\"\" class=\"wp-image-1388\" srcset=\"https:\/\/romhemder.com\/wp-content\/uploads\/2022\/05\/WhatsApp-Image-2019-05-02-at-07.42.20-768x1024.jpeg 768w, https:\/\/romhemder.com\/wp-content\/uploads\/2022\/05\/WhatsApp-Image-2019-05-02-at-07.42.20-225x300.jpeg 225w, https:\/\/romhemder.com\/wp-content\/uploads\/2022\/05\/WhatsApp-Image-2019-05-02-at-07.42.20-1152x1536.jpeg 1152w, https:\/\/romhemder.com\/wp-content\/uploads\/2022\/05\/WhatsApp-Image-2019-05-02-at-07.42.20.jpeg 1200w\" sizes=\"auto, (max-width: 768px) 100vw, 768px\" \/><\/figure>\n\n\n\n<figure class=\"wp-block-image size-large\"><img loading=\"lazy\" decoding=\"async\" width=\"768\" height=\"1024\" data-id=\"1375\" src=\"https:\/\/romhemder.com\/wp-content\/uploads\/2022\/05\/WhatsApp-Image-2019-05-02-at-07.42.23-768x1024.jpeg\" alt=\"\" class=\"wp-image-1375\" srcset=\"https:\/\/romhemder.com\/wp-content\/uploads\/2022\/05\/WhatsApp-Image-2019-05-02-at-07.42.23-768x1024.jpeg 768w, https:\/\/romhemder.com\/wp-content\/uploads\/2022\/05\/WhatsApp-Image-2019-05-02-at-07.42.23-225x300.jpeg 225w, https:\/\/romhemder.com\/wp-content\/uploads\/2022\/05\/WhatsApp-Image-2019-05-02-at-07.42.23-1152x1536.jpeg 1152w, https:\/\/romhemder.com\/wp-content\/uploads\/2022\/05\/WhatsApp-Image-2019-05-02-at-07.42.23.jpeg 1200w\" sizes=\"auto, (max-width: 768px) 100vw, 768px\" \/><\/figure>\n\n\n\n<figure class=\"wp-block-image size-large\"><img loading=\"lazy\" decoding=\"async\" width=\"768\" height=\"1024\" data-id=\"1374\" src=\"https:\/\/romhemder.com\/wp-content\/uploads\/2022\/05\/WhatsApp-Image-2019-05-05-at-20.10.57-768x1024.jpeg\" alt=\"\" class=\"wp-image-1374\" srcset=\"https:\/\/romhemder.com\/wp-content\/uploads\/2022\/05\/WhatsApp-Image-2019-05-05-at-20.10.57-768x1024.jpeg 768w, https:\/\/romhemder.com\/wp-content\/uploads\/2022\/05\/WhatsApp-Image-2019-05-05-at-20.10.57-225x300.jpeg 225w, https:\/\/romhemder.com\/wp-content\/uploads\/2022\/05\/WhatsApp-Image-2019-05-05-at-20.10.57.jpeg 1062w\" sizes=\"auto, (max-width: 768px) 100vw, 768px\" \/><\/figure>\n\n\n\n<figure class=\"wp-block-image size-large\"><img loading=\"lazy\" decoding=\"async\" width=\"1024\" height=\"576\" data-id=\"1385\" src=\"https:\/\/romhemder.com\/wp-content\/uploads\/2022\/05\/WhatsApp-Image-2019-05-07-at-09.33.39.jpeg\" alt=\"\" class=\"wp-image-1385\" srcset=\"https:\/\/romhemder.com\/wp-content\/uploads\/2022\/05\/WhatsApp-Image-2019-05-07-at-09.33.39.jpeg 1024w, https:\/\/romhemder.com\/wp-content\/uploads\/2022\/05\/WhatsApp-Image-2019-05-07-at-09.33.39-300x169.jpeg 300w, https:\/\/romhemder.com\/wp-content\/uploads\/2022\/05\/WhatsApp-Image-2019-05-07-at-09.33.39-768x432.jpeg 768w\" sizes=\"auto, (max-width: 1024px) 100vw, 1024px\" \/><\/figure>\n\n\n\n<figure class=\"wp-block-image size-large\"><img loading=\"lazy\" decoding=\"async\" width=\"1024\" height=\"768\" data-id=\"1384\" src=\"https:\/\/romhemder.com\/wp-content\/uploads\/2022\/05\/WhatsApp-Image-2019-05-07-at-09.38.02.jpeg\" alt=\"\" class=\"wp-image-1384\" srcset=\"https:\/\/romhemder.com\/wp-content\/uploads\/2022\/05\/WhatsApp-Image-2019-05-07-at-09.38.02.jpeg 1024w, https:\/\/romhemder.com\/wp-content\/uploads\/2022\/05\/WhatsApp-Image-2019-05-07-at-09.38.02-300x225.jpeg 300w, https:\/\/romhemder.com\/wp-content\/uploads\/2022\/05\/WhatsApp-Image-2019-05-07-at-09.38.02-768x576.jpeg 768w\" sizes=\"auto, (max-width: 1024px) 100vw, 1024px\" \/><\/figure>\n\n\n\n<figure class=\"wp-block-image size-large\"><img loading=\"lazy\" decoding=\"async\" width=\"768\" height=\"1024\" data-id=\"1377\" src=\"https:\/\/romhemder.com\/wp-content\/uploads\/2022\/05\/WhatsApp-Image-2019-05-08-at-13.58.32-4-768x1024.jpeg\" alt=\"\" class=\"wp-image-1377\" srcset=\"https:\/\/romhemder.com\/wp-content\/uploads\/2022\/05\/WhatsApp-Image-2019-05-08-at-13.58.32-4-768x1024.jpeg 768w, https:\/\/romhemder.com\/wp-content\/uploads\/2022\/05\/WhatsApp-Image-2019-05-08-at-13.58.32-4-225x300.jpeg 225w, https:\/\/romhemder.com\/wp-content\/uploads\/2022\/05\/WhatsApp-Image-2019-05-08-at-13.58.32-4-1152x1536.jpeg 1152w, https:\/\/romhemder.com\/wp-content\/uploads\/2022\/05\/WhatsApp-Image-2019-05-08-at-13.58.32-4.jpeg 1200w\" sizes=\"auto, (max-width: 768px) 100vw, 768px\" \/><\/figure>\n\n\n\n<figure class=\"wp-block-image size-large\"><img loading=\"lazy\" decoding=\"async\" width=\"1024\" height=\"512\" data-id=\"1387\" src=\"https:\/\/romhemder.com\/wp-content\/uploads\/2022\/05\/WhatsApp-Image-2019-05-08-at-14.46.10-5-1024x512.jpeg\" alt=\"\" class=\"wp-image-1387\" srcset=\"https:\/\/romhemder.com\/wp-content\/uploads\/2022\/05\/WhatsApp-Image-2019-05-08-at-14.46.10-5-1024x512.jpeg 1024w, https:\/\/romhemder.com\/wp-content\/uploads\/2022\/05\/WhatsApp-Image-2019-05-08-at-14.46.10-5-300x150.jpeg 300w, https:\/\/romhemder.com\/wp-content\/uploads\/2022\/05\/WhatsApp-Image-2019-05-08-at-14.46.10-5-768x384.jpeg 768w, https:\/\/romhemder.com\/wp-content\/uploads\/2022\/05\/WhatsApp-Image-2019-05-08-at-14.46.10-5-1536x768.jpeg 1536w, https:\/\/romhemder.com\/wp-content\/uploads\/2022\/05\/WhatsApp-Image-2019-05-08-at-14.46.10-5.jpeg 1600w\" sizes=\"auto, (max-width: 1024px) 100vw, 1024px\" \/><\/figure>\n\n\n\n<figure class=\"wp-block-image size-large\"><img loading=\"lazy\" decoding=\"async\" width=\"1024\" height=\"512\" data-id=\"1376\" src=\"https:\/\/romhemder.com\/wp-content\/uploads\/2022\/05\/WhatsApp-Image-2019-05-08-at-14.46.10-6-1024x512.jpeg\" alt=\"\" class=\"wp-image-1376\" srcset=\"https:\/\/romhemder.com\/wp-content\/uploads\/2022\/05\/WhatsApp-Image-2019-05-08-at-14.46.10-6-1024x512.jpeg 1024w, https:\/\/romhemder.com\/wp-content\/uploads\/2022\/05\/WhatsApp-Image-2019-05-08-at-14.46.10-6-300x150.jpeg 300w, https:\/\/romhemder.com\/wp-content\/uploads\/2022\/05\/WhatsApp-Image-2019-05-08-at-14.46.10-6-768x384.jpeg 768w, https:\/\/romhemder.com\/wp-content\/uploads\/2022\/05\/WhatsApp-Image-2019-05-08-at-14.46.10-6-1536x768.jpeg 1536w, https:\/\/romhemder.com\/wp-content\/uploads\/2022\/05\/WhatsApp-Image-2019-05-08-at-14.46.10-6.jpeg 1600w\" sizes=\"auto, (max-width: 1024px) 100vw, 1024px\" \/><\/figure>\n\n\n\n<figure class=\"wp-block-image size-large\"><img loading=\"lazy\" decoding=\"async\" width=\"1024\" height=\"512\" data-id=\"1378\" src=\"https:\/\/romhemder.com\/wp-content\/uploads\/2022\/05\/WhatsApp-Image-2019-05-08-at-14.46.10-7-1024x512.jpeg\" alt=\"\" class=\"wp-image-1378\" srcset=\"https:\/\/romhemder.com\/wp-content\/uploads\/2022\/05\/WhatsApp-Image-2019-05-08-at-14.46.10-7-1024x512.jpeg 1024w, https:\/\/romhemder.com\/wp-content\/uploads\/2022\/05\/WhatsApp-Image-2019-05-08-at-14.46.10-7-300x150.jpeg 300w, https:\/\/romhemder.com\/wp-content\/uploads\/2022\/05\/WhatsApp-Image-2019-05-08-at-14.46.10-7-768x384.jpeg 768w, https:\/\/romhemder.com\/wp-content\/uploads\/2022\/05\/WhatsApp-Image-2019-05-08-at-14.46.10-7-1536x768.jpeg 1536w, https:\/\/romhemder.com\/wp-content\/uploads\/2022\/05\/WhatsApp-Image-2019-05-08-at-14.46.10-7.jpeg 1600w\" sizes=\"auto, (max-width: 1024px) 100vw, 1024px\" \/><\/figure>\n\n\n\n<figure class=\"wp-block-image size-large\"><img loading=\"lazy\" decoding=\"async\" width=\"1024\" height=\"512\" data-id=\"1391\" src=\"https:\/\/romhemder.com\/wp-content\/uploads\/2022\/05\/WhatsApp-Image-2019-05-08-at-14.46.10-8-1024x512.jpeg\" alt=\"\" class=\"wp-image-1391\" srcset=\"https:\/\/romhemder.com\/wp-content\/uploads\/2022\/05\/WhatsApp-Image-2019-05-08-at-14.46.10-8-1024x512.jpeg 1024w, https:\/\/romhemder.com\/wp-content\/uploads\/2022\/05\/WhatsApp-Image-2019-05-08-at-14.46.10-8-300x150.jpeg 300w, https:\/\/romhemder.com\/wp-content\/uploads\/2022\/05\/WhatsApp-Image-2019-05-08-at-14.46.10-8-768x384.jpeg 768w, https:\/\/romhemder.com\/wp-content\/uploads\/2022\/05\/WhatsApp-Image-2019-05-08-at-14.46.10-8-1536x768.jpeg 1536w, https:\/\/romhemder.com\/wp-content\/uploads\/2022\/05\/WhatsApp-Image-2019-05-08-at-14.46.10-8.jpeg 1600w\" sizes=\"auto, (max-width: 1024px) 100vw, 1024px\" \/><\/figure>\n\n\n\n<figure class=\"wp-block-image size-large\"><img loading=\"lazy\" decoding=\"async\" width=\"1024\" height=\"768\" data-id=\"1392\" src=\"https:\/\/romhemder.com\/wp-content\/uploads\/2022\/05\/WhatsApp-Image-2019-05-08-at-14.46.10-13-1024x768.jpeg\" alt=\"\" class=\"wp-image-1392\" srcset=\"https:\/\/romhemder.com\/wp-content\/uploads\/2022\/05\/WhatsApp-Image-2019-05-08-at-14.46.10-13-1024x768.jpeg 1024w, https:\/\/romhemder.com\/wp-content\/uploads\/2022\/05\/WhatsApp-Image-2019-05-08-at-14.46.10-13-300x225.jpeg 300w, https:\/\/romhemder.com\/wp-content\/uploads\/2022\/05\/WhatsApp-Image-2019-05-08-at-14.46.10-13-768x576.jpeg 768w, https:\/\/romhemder.com\/wp-content\/uploads\/2022\/05\/WhatsApp-Image-2019-05-08-at-14.46.10-13-1536x1152.jpeg 1536w, https:\/\/romhemder.com\/wp-content\/uploads\/2022\/05\/WhatsApp-Image-2019-05-08-at-14.46.10-13.jpeg 1600w\" sizes=\"auto, (max-width: 1024px) 100vw, 1024px\" \/><\/figure>\n\n\n\n<figure class=\"wp-block-image size-large\"><img loading=\"lazy\" decoding=\"async\" width=\"1024\" height=\"512\" data-id=\"1395\" src=\"https:\/\/romhemder.com\/wp-content\/uploads\/2022\/05\/WhatsApp-Image-2019-05-08-at-14.46.10-15-1024x512.jpeg\" alt=\"\" class=\"wp-image-1395\" srcset=\"https:\/\/romhemder.com\/wp-content\/uploads\/2022\/05\/WhatsApp-Image-2019-05-08-at-14.46.10-15-1024x512.jpeg 1024w, https:\/\/romhemder.com\/wp-content\/uploads\/2022\/05\/WhatsApp-Image-2019-05-08-at-14.46.10-15-300x150.jpeg 300w, https:\/\/romhemder.com\/wp-content\/uploads\/2022\/05\/WhatsApp-Image-2019-05-08-at-14.46.10-15-768x384.jpeg 768w, https:\/\/romhemder.com\/wp-content\/uploads\/2022\/05\/WhatsApp-Image-2019-05-08-at-14.46.10-15-1536x768.jpeg 1536w, https:\/\/romhemder.com\/wp-content\/uploads\/2022\/05\/WhatsApp-Image-2019-05-08-at-14.46.10-15.jpeg 1600w\" sizes=\"auto, (max-width: 1024px) 100vw, 1024px\" \/><\/figure>\n<\/figure>\n","protected":false},"excerpt":{"rendered":"","protected":false},"author":1,"featured_media":1401,"parent":0,"menu_order":0,"comment_status":"closed","ping_status":"closed","template":"","meta":{"footnotes":""},"class_list":["post-1367","page","type-page","status-publish","has-post-thumbnail","hentry"],"_links":{"self":[{"href":"https:\/\/romhemder.com\/index.php?rest_route=\/wp\/v2\/pages\/1367","targetHints":{"allow":["GET"]}}],"collection":[{"href":"https:\/\/romhemder.com\/index.php?rest_route=\/wp\/v2\/pages"}],"about":[{"href":"https:\/\/romhemder.com\/index.php?rest_route=\/wp\/v2\/types\/page"}],"author":[{"embeddable":true,"href":"https:\/\/romhemder.com\/index.php?rest_route=\/wp\/v2\/users\/1"}],"replies":[{"embeddable":true,"href":"https:\/\/romhemder.com\/index.php?rest_route=%2Fwp%2Fv2%2Fcomments&post=1367"}],"version-history":[{"count":1,"href":"https:\/\/romhemder.com\/index.php?rest_route=\/wp\/v2\/pages\/1367\/revisions"}],"predecessor-version":[{"id":1398,"href":"https:\/\/romhemder.com\/index.php?rest_route=\/wp\/v2\/pages\/1367\/revisions\/1398"}],"wp:featuredmedia":[{"embeddable":true,"href":"https:\/\/romhemder.com\/index.php?rest_route=\/wp\/v2\/media\/1401"}],"wp:attachment":[{"href":"https:\/\/romhemder.com\/index.php?rest_route=%2Fwp%2Fv2%2Fmedia&parent=1367"}],"curies":[{"name":"wp","href":"https:\/\/api.w.org\/{rel}","templated":true}]}}