{"id":1294,"date":"2022-05-17T12:06:20","date_gmt":"2022-05-17T09:06:20","guid":{"rendered":"https:\/\/romhemder.com\/?page_id=1294"},"modified":"2025-08-26T12:50:49","modified_gmt":"2025-08-26T09:50:49","slug":"denetleme-kurulu","status":"publish","type":"page","link":"https:\/\/romhemder.com\/?page_id=1294","title":{"rendered":"Denetleme Kurulu"},"content":{"rendered":"\n<p>G\u00f6k\u00e7e \u015eIK\u015eIK<\/p>\n\n\n\n<p>G\u00fcler TOLA<\/p>\n\n\n\n<p>Fatih YALDIRAN<\/p>\n","protected":false},"excerpt":{"rendered":"<p>G\u00f6k\u00e7e \u015eIK\u015eIK G\u00fcler TOLA Fatih YALDIRAN<\/p>\n","protected":false},"author":1,"featured_media":0,"parent":0,"menu_order":0,"comment_status":"closed","ping_status":"closed","template":"","meta":{"footnotes":""},"class_list":["post-1294","page","type-page","status-publish","hentry"],"_links":{"self":[{"href":"https:\/\/romhemder.com\/index.php?rest_route=\/wp\/v2\/pages\/1294","targetHints":{"allow":["GET"]}}],"collection":[{"href":"https:\/\/romhemder.com\/index.php?rest_route=\/wp\/v2\/pages"}],"about":[{"href":"https:\/\/romhemder.com\/index.php?rest_route=\/wp\/v2\/types\/page"}],"author":[{"embeddable":true,"href":"https:\/\/romhemder.com\/index.php?rest_route=\/wp\/v2\/users\/1"}],"replies":[{"embeddable":true,"href":"https:\/\/romhemder.com\/index.php?rest_route=%2Fwp%2Fv2%2Fcomments&post=1294"}],"version-history":[{"count":2,"href":"https:\/\/romhemder.com\/index.php?rest_route=\/wp\/v2\/pages\/1294\/revisions"}],"predecessor-version":[{"id":1992,"href":"https:\/\/romhemder.com\/index.php?rest_route=\/wp\/v2\/pages\/1294\/revisions\/1992"}],"wp:attachment":[{"href":"https:\/\/romhemder.com\/index.php?rest_route=%2Fwp%2Fv2%2Fmedia&parent=1294"}],"curies":[{"name":"wp","href":"https:\/\/api.w.org\/{rel}","templated":true}]}}